{"id":3723,"date":"2017-12-15T09:40:47","date_gmt":"2017-12-15T08:40:47","guid":{"rendered":"https:\/\/php8.plastv.de\/?page_id=3723"},"modified":"2018-04-09T11:12:53","modified_gmt":"2018-04-09T09:12:53","slug":"copyright","status":"publish","type":"page","link":"https:\/\/plas.tv\/?page_id=3723","title":{"rendered":"Copyright"},"content":{"rendered":"<p><b>Datenschutzerkl\u00e4rung (Copyright)<\/b><\/p>\n<p>Der Inhalt der Plas.TV- Webseiten ist urheberrechtlich gesch\u00fctzt. Die Vervielf\u00e4ltigung, \u00c4nderung, Verbreitung oder Speicherung von Informationen oder Daten, insbesondere von Videos, Texten, Textteilen, Grafik oder Bildmaterial, bedarf der vorherigen Zustimmung von Plas.tV. Die Nutzung s\u00e4mtlicher hier aufgef\u00fchrten Informationen oder Daten, die Anmeldung zu bestimmten Websites sowie s\u00e4mtliches mit den Plas.TV-websites zusammenh\u00e4ngende Tun, Dulden oder Unterlassen unterliegen ausschlie\u00dflich deutschem Recht.<\/p>\n<p><b>Haftungsausschluss<\/b><\/p>\n<p>Wir freuen uns \u00fcber Ihr Interesse an unserer Homepage und unserem Unternehmen. Die zur Verf\u00fcgung gestellten Informationen auf dieser Website werden pr\u00e4zise gepr\u00fcft und laufend aktualisiert.<br \/>\nWir behalten uns jedoch vor, dass nicht immer alle Informationen sofort vollst\u00e4ndig und richtig auf den neuesten Stand erstellt werden k\u00f6nnen. Insbesondere bei \u201eLinks\u201c auf andere Homepages \u00fcbernehmen wir keine Garantie der Aktualit\u00e4t und Verantwortung f\u00fcr Inhalte.<br \/>\nOhne vorherige Ank\u00fcndigung k\u00f6nnen alle Informationen von uns gel\u00f6scht, ge\u00e4ndert oder erg\u00e4nzt werden.<\/p>\n<p>Der Schutz Ihrer personenbezogenen Daten bei der Erhebung, Verarbeitung und Nutzung anl\u00e4sslich Ihres Besuchs auf unserer Homepage ist uns ein wichtiges Anliegen. Ihre Daten werden im Rahmen der gesetzlichen Vorschriften gesch\u00fctzt.<\/p>\n<p>&nbsp;<\/p>\n","protected":false},"excerpt":{"rendered":"<p>Datenschutzerkl\u00e4rung (Copyright) Der Inhalt der Plas.TV- Webseiten ist urheberrechtlich gesch\u00fctzt. Die Vervielf\u00e4ltigung, \u00c4nderung, Verbreitung oder Speicherung von Informationen oder Daten, insbesondere von Videos, Texten, Textteilen, Grafik oder Bildmaterial, bedarf der vorherigen Zustimmung von Plas.tV. Die Nutzung s\u00e4mtlicher hier aufgef\u00fchrten Informationen oder Daten, die Anmeldung zu bestimmten Websites sowie s\u00e4mtliches mit den Plas.TV-websites zusammenh\u00e4ngende Tun, Dulden [&hellip;]<\/p>\n","protected":false},"author":1,"featured_media":0,"parent":0,"menu_order":15,"comment_status":"closed","ping_status":"closed","template":"","meta":{"footnotes":""},"class_list":["post-3723","page","type-page","status-publish","hentry"],"_links":{"self":[{"href":"https:\/\/plas.tv\/index.php?rest_route=\/wp\/v2\/pages\/3723","targetHints":{"allow":["GET"]}}],"collection":[{"href":"https:\/\/plas.tv\/index.php?rest_route=\/wp\/v2\/pages"}],"about":[{"href":"https:\/\/plas.tv\/index.php?rest_route=\/wp\/v2\/types\/page"}],"author":[{"embeddable":true,"href":"https:\/\/plas.tv\/index.php?rest_route=\/wp\/v2\/users\/1"}],"replies":[{"embeddable":true,"href":"https:\/\/plas.tv\/index.php?rest_route=%2Fwp%2Fv2%2Fcomments&post=3723"}],"version-history":[{"count":5,"href":"https:\/\/plas.tv\/index.php?rest_route=\/wp\/v2\/pages\/3723\/revisions"}],"predecessor-version":[{"id":6177,"href":"https:\/\/plas.tv\/index.php?rest_route=\/wp\/v2\/pages\/3723\/revisions\/6177"}],"wp:attachment":[{"href":"https:\/\/plas.tv\/index.php?rest_route=%2Fwp%2Fv2%2Fmedia&parent=3723"}],"curies":[{"name":"wp","href":"https:\/\/api.w.org\/{rel}","templated":true}]}}